
-30486478
In base 4, what is 231 + -112310323131?
-112310322300
In base 8, what is 22060 - 411?
21447
In base 6, what is 0 + 2011423441?
2011423441
In base 9, what is -722868 - -641?
-722227
In base 4, what is -20320022132 + 12?
-20320022120
In base 7, what is -15254 + 112126?
63542
In base 3, what is 1022011222220 + -21?
1022011222122
In base 7, what is -204133666 + -14?
-204134013
In base 16, what is -45bdf - -172?
-45a6d
In base 4, what is 112 + -1023022013?
-1023021301
In base 13, what is -121b0c - 21?
-121b30
In base 15, what is 2091050 - 0?
2091050
In base 15, what is 846dae5 - 2?
846dae3
In base 6, what is 240001 - 33?
235524
In base 3, what is 1002021122021 + -1202012?
1002012220002
In base 7, what is 126 + 546402?
546531
In base 12, what is 63 + -352400b?
-3523b68
In base 10, what is 15805177 + 29?
15805206
In base 13, what is 77 - -a2a4a?
a2ac4
In base 7, what is 464413 - 51?
464332
In base 9, what is -12 - -4757154?
4757142
In base 4, what is -1130333022 - -23?
-1130332333
In base 10, what is -83170 + -136?
-83306
In base 2, what is 100100011100 - -1000000111001100111?
1000001011110000011
In base 14, what is -2389 - -20?
-2369
In base 3, what is -21102220002102 + -2?
-21102220002111
In base 12, what is 25a0416 + 42?
25a0458
In base 14, what is 3 - -369c6c?
369c71
In base 6, what is 11103 + 2000244?
2011351
In base 8, what is 46 - 34661442?
-34661374
In base 9, what is -1 - 110214?
-110215
In base 14, what is c3931 + 32?
c3963
In base 9, what is -2308 - 11510?
-13818
In base 12, what is 11895 - 216a6?
-ba11
In base 9, what is 81 + 321884?
322075
In base 2, what is -10 + 1101000101110111000?
1101000101110110110
In base 9, what is -52786023 - 1?
-52786024
In base 10, what is 194790 + 3?
194793
In base 6, what is -10001550 + -20?
-10002010
In base 12, what is 158b560 - -3b?
158b59b
In base 8, what is -6737210 - -12?
-6737176
In base 7, what is 0 - 52201542?
-52201542
In base 14, what is -977a5 - 24a?
-97a11
In base 4, what is -10 - 2002232110301?
-2002232110311
In base 7, what is 5 - 10633323?
-10633315
In base 11, what is 9698a - -430?
9730a
In base 7, what is -1 + 103253524?
103253523
In base 6, what is 134135532 + 1034?
134141010
In base 4, what is 22112022 - -13030?
22131112
In base 12, what is -86202 - -17?
-861a7
In base 6, what is -3031 + -52333?
-55404
In base 9, what is 163 - 1548737?
-1548564
In base 2, what is 1110100100111100 - 10?
1110100100111010
In base 4, what is -2 - 102023232001?
-102023232003
In base 11, what is 8a5 - -12254?
13049
In base 5, what is -401100101 + 21?
-401100030
In base 8, what is -4 - -4027740?
4027734
In base 6, what is -20 - 312403130?
-312403150
In base 12, what is -942 - 21975?
-226b7
In base 4, what is 222 - 303322022?
-303321200
In base 13, what is 1 + cb8a7?
cb8a8
In base 8, what is -235 + 2677472?
2677235
In base 11, what is 3370460 + -3?
3370458
In base 11, what is 650445 - 0?
650445
In base 11, what is 4819950 + -8?
4819943
In base 7, what is -305351403 + -3?
-305351406
In base 7, what is 353413 + 1?
353414
In base 4, what is 2113033120201 - 2?
2113033120133
In base 5, what is 2 + -231241143?
-231241141
In base 5, what is 433 + -1313431231?
-1313430243
In base 15, what is 6ac682 + 0?
6ac682
In base 10, what is -5 + 4572845?
4572840
In base 10, what is -279353 + -79?
-279432
In base 11, what is -1748615 - 0?
-1748615
In base 3, what is -2002 + -12011221022?
-12012000101
In base 16, what is -36dc9c + -6c?
-36dd08
In base 15, what is 2748 + -100?
2648
In base 6, what is -241 + -120330?
-121011
In base 10, what is -244085279 - -1?
-244085278
In base 2, what is 1000011101 - -1101011100?
10101111001
In base 14, what is 689b - 2821?
407a
In base 10, what is -3254 + -59425?
-62679
In base 3, what is -211220111021101 + -20?
-211220111021121
In base 2, what is 101111010001011011011 + -11?
101111010001011011000
In base 13, what is -32 - 27c748?
-27c77a
In base 8, what is -1011240205 - 5?
-1011240212
In base 6, what is 1 + 40133004?
40133005
In base 16, what is -411b - 1e1?
-42fc
In base 4, what is -102 + 21221033331?
21221033223
In base 3, what is -10000011210 + 100200?
-2222211010
In base 16, what is 2b36b + 15?
2b380
In base 16, what is ee6b8fb + 0?
ee6b8fb
In base 2, what is -1110101 - 101000000110011110101?
-101000000110101101010
In base 14, what is 3d + -61b57?
-61b18
In base 6, what is -13424540114 - -21?
-13424540053
In base 3, what is 102200100122111220 - 10?
102200100122111210
In base 4, what is 1132231023223 + 2?
1132231023231
In base 12, what is aa - -39b?
489
In base 4, what is 232 + -10331233?
-10331001
In base 3, what is -22012002101222021 + 1?
-22012002101222020
In base 4, what is -11322120302012 + 11?
-11322120302001
In base 4, what is -302033 + 1202223?
300130
In base 11, what is -1951 + 3398?
1547
In base 2, what is -1110100011010 + 11001111011100?
1011011000010
In base 4, what is -3 + 2032110320213?
2032110320210
In base 3, what is 121 - 1001011101010012?
-1001011101002121
In base 2, what is -11 + 111100011101011101001101?
111100011101011101001010
In base 5, what is -234243134024 - 3?
-234243134032
In base 4, what is 1 + 110101323100?
110101323101
In base 14, what is -196 - -3c0b?
3a55
In base 15, what is -182 + -5958a?
-5971c
In base 4, what is 1302012031113 - -3?
1302012031122
In base 14, what is 0 - 234574b?
-234574b
In base 7, what is -1 - -115610541?
115610540
In base 14, what is -4 + 580863?
58085d
In base 9, what is 3142767 - 15?
3142752
In base 11, what is -118131 - 4?
-118135
In base 6, what is 2443020 + -411?
2442205
In base 2, what is -11111 - 10111110111001001010?
-10111110111001101001
In base 10, what is -84899310 - -2?
-84899308
In base 7, what is -62652 - -12256?
-50363
In base 12, what is 574 + -b310?
-a958
In base 11, what is 123 + 49493?
49606
In base 6, what is 100 + 1345403241?
1345403341
In base 11, what is a + 234a1?
23500
In base 11, what is 3608 - a190?
-6683
In base 13, what is -1c92 - -22c?
-1a63
In base 4, what is -20132101333 - -2?
-20132101331
In base 11, what is -10a - -99535?
99426
In base 13, what is -212c7 - 17?
-21311
In base 8, what is -2665 + -5053?
-7740
In base 6, what is 550331204 - 2?
550331202
In base 8, what is -40677 + -5021?
-45720
In base 16, what is 9a1763 - 17?
9a174c
In base 16, what is 0 - 1cdaed?
-1cdaed
In base 4, what is 11 - 2000321300110?
-2000321300033
In base 7, what is -24031 + -466?
-24530
In base 15, what is 3b5 + 2a385?
2a74a
In base 13, what is 3 - 1b81624?
-1b81621
In base 4, what is -1203110230031 + -30?
-1203110230121
In base 4, what is -2233 + -23121322?
-23130221
In base 16, what is -3 + 52b81?
52b7e
In base 6, what is 15311 - -10150041?
10205352
In base 4, what is -12 - -1031301231102?
1031301231030
In base 14, what is -80cc2 + -34?
-80d16
In base 3, what is -2202112100012 + 11?
-2202112100001
In base 9, what is 105674 + -702?
104872
In base 16, what is -3e1ead + 25?
-3e1e88
In base 4, what is 3202333 + 103203?
3312202
In base 11, what is 11a499a + -65?
11a4935
In base 14, what is -17 + 416c2?
416a9
In base 16, what is -1234 - -125ad?
11379
In base 14, what is -6403 + 16a6?
-4b3b
In base 13, what is -704 - c10?
-1614
In base 15, what is -4c + -bee81?
-beecd
In base 9, what is 84 - 648624?
-648530
In base 8, what is -1741646027 - -2?
-1741646025
In base 11, what is 1346499 - 67?
1346432
In base 11, what is 3 + 22527314?
22527317
In base 4, what is -31323 + 101032010?
101000021
In base 4, what is -120100323013 - 30?
-120100323103
In base 8, what is -251272077 - 3?
-251272102
In base 6, what is -2443422535 - -13?
-2443422522
In base 4, what is 122 - -1322010311222?
1322010312010
In base 13, what is 7 - 11269a9?
-11269a2
In base 15, what is -46a0 - 3da?
-4a8a
In base 12, what is 1178bb7 - -5?
1179000
In base 14, what is -3 + 642d73?
642d70
In base 16, what is -396911 + -18?
-396929
In base 13, what is 4c9c18 - 9?
4c9c0c
In base 12, what is 1540 + 9b7?
2337
In base 5, what is 0 - 10040431104?
-10040431104
In base 2, what is 1111001011 + -100000010010100?
-11110011001001
In base 11, what is 9436 - -13a?
9575
In base 12, what is -5b2b389 - 0?
-5b2b389
In base 3, what is -202200122112221 - -10001?
-202200122102220
In base 7, what is 226003016 - -3?
226003022
In base 11, what is 2 + -4a78471a?
-4a784718
In base 7, what i